ulate the greatest common factor of c and 24.
12
Suppose -15 = -5*h + 5*m, -4*m + 1 - 7 = -h. Let d(x) = 41*x - 7. Let s be d(h). Calculate the highest common divisor of 50 and s.
25
Suppose -22*d = -21*d - 97. Let o = d - 92. Suppose 3*s = 52 - 22. Calculate the highest common factor of o and s.
5
Suppose -4*w + 3*d - 2*d = -17, 2*w - 5*d = 31. Let o(u) = u**3 - 7*u + 3. Let n be o(w). Calculate the greatest common divisor of n and 45.
9
Suppose 5*o - 27 = 4*n, 5*n + 12 + 9 = 2*o. Let l be n/1 + 286/11. Let d = -14 + l. What is the highest common factor of d and 27?
9
Suppose -19*j + 13 = -6*j. Calculate the greatest common factor of j and 257.
1
Let n(w) = -4*w**2 - 4*w + 7. Let v(k) = -13*k**2 - 13*k + 21. Let z(c) = 7*n(c) - 2*v(c). Let y be z(0). What is the greatest common factor of y and 112?
7
Suppose -r = 5*i + 1, 0*i + 15 = -5*i. Calculate the highest common factor of 154 and r.
14
Let q = 29 - 20. Let g be ((-46)/(-6) - 3)*q. What is the greatest common divisor of 14 and g?
14
Suppose 5 = -n - 3*p, 5*p + 23 = -n + 3*n. Suppose 5*q - o - o + 5 = 0, 0 = 4*q - 2*o + 6. Let s be 5/2*(5 - q). What is the greatest common divisor of s and n?
2
Let l(a) = 5*a - 22. Let t be l(15). Let y be (4/(-2) - -480) + -1. Calculate the greatest common factor of t and y.
53
Let l be (-2 - -5) + 4885/(-20)*-4. What is the greatest common factor of l and 35?
35
Suppose 5*z + 4*o - 22 = 0, 3*z + 3*o - 8 = 7. Let s be z/4*-1*-10. Suppose -4*f + s = -f + 2*l, 2*l + 13 = 3*f. What is the highest common factor of 9 and f?
3
Let f = -23 - -41. Suppose 0 = -2*r + 2*h + 10, r + 161*h = 164*h - 3. Calculate the greatest common divisor of r and f.
9
Let k = -51 + 144. Let r = 250 - 219. Calculate the greatest common divisor of r and k.
31
Suppose b - 112 = -3*b - 4*f, 0 = -2*b + 4*f + 86. Calculate the highest common divisor of b and 11.
11
Let n be 1*((-4)/(-2) - 0). Let z(u) = -u**2 + 6*u - 7. Let t be (-24)/(-9)*(-18)/12*-1. Let i be z(t). Calculate the highest common divisor of n and i.
1
Let x be 12*(2 - (-15)/(-12)). Suppose 3*u - 28 = -2*c, -2*u + u - 3*c = -21. Calculate the highest common factor of u and x.
3
Let n(k) = k**3 - 2*k**2 - 3. Let s be n(4). Let u be (-7 + 3)*18/(-8). Let j = s - u. What is the highest common factor of j and 4?
4
Suppose 0 = -5*b + 342 - 197. Calculate the highest common factor of b and 464.
29
Let g = -26 - -49. Let k = 98 - g. What is the greatest common factor of 30 and k?
15
Suppose 3*z + 2*i - 4*i - 8 = 0, -2*z + 2*i = -6. Suppose 24 = 3*j + a, 7*j - z*j - 5*a - 20 = 0. What is the highest common divisor of j and 7?
7
Let x(s) = -2*s**2 - 14*s + 15. Let q be x(-8). Let h be ((-38)/1)/q + (-4)/(-2). What is the highest common factor of h and 320?
40
Let z be (-6)/(-9)*-3 + 252. Calculate the highest common factor of z and 50.
50
Let q = -95 + 92. Let f be ((-15)/1)/(7/(-14)) + q. What is the greatest common factor of f and 27?
27
Suppose 0*m - 18 = -6*m. Suppose 5*p - m*p + 2*n - 8 = 0, 2*n - 17 = -3*p. Calculate the highest common divisor of p and 99.
9
Suppose 7 = 3*q - 83. Let n be ((-8)/(-10))/((-2)/(-5)). Let v be -3 - 38*-2 - n*-1. What is the greatest common factor of q and v?
15
Let f(w) = w**2 - 3*w + 47. Let m be f(10). Calculate the greatest common divisor of 9 and m.
9
Suppose -872 = -4*g + 960. Suppose 158 - g = -3*p. What is the greatest common divisor of p and 25?
25
Suppose 41*l = 42*l - 81. Calculate the greatest common divisor of 27 and l.
27
Let l(b) = 39 - b - b + 7*b - 2*b. Let f be l(7). Calculate the greatest common factor of 90 and f.
30
Suppose u + 4*v + 19 = 35, -5*u + 5*v + 155 = 0. Calculate the greatest common factor of 12 and u.
4
Let s = -71 + 73. Suppose s*i - 6*i = -32. Calculate the highest common divisor of 32 and i.
8
Let m be 62/4 + 6/12. Calculate the highest common divisor of m and 272.
16
Suppose 34 = -4*l + 106. Suppose 3*g = 2*g + 5. Suppose 4*c + z - 145 = 0, z + 4*z - 185 = -g*c. What is the greatest common factor of c and l?
18
Let m = -26 - -18. Let l(x) = -2*x - 10. Let k be l(m). What is the greatest common divisor of 24 and k?
6
Let f be (8/(-10)*1)/((-2)/15). Let w be (17 - (3 - 2))*(f + -4). Calculate the greatest common factor of 256 and w.
32
Let z(t) = t**3 - t**2. Let f(d) = -2*d**3 + 15*d**2 - 30*d - 13. Let n(x) = f(x) + 3*z(x). Let s be n(-14). Calculate the highest common divisor of 105 and s.
15
Suppose -145 = 3*b + 38. Let j = b - -88. Calculate the greatest common divisor of j and 3.
3
Let z(q) = 2*q - 13. Let u be (-20)/3*1/(2/(-3)). Let n be z(u). Calculate the greatest common divisor of n and 1.
1
Suppose -19*d = -58*d + 7293. What is the greatest common divisor of 34 and d?
17
Let t be (1551/22)/(((-3)/4)/1). Let g = 315 + t. What is the greatest common divisor of 17 and g?
17
Let u = 801 - 772. Suppose m = 8*b - 3*b - 433, -b = -5*m - 77. What is the greatest common divisor of b and u?
29
Let v be (1/4)/((-5)/(-20)). Let k be (0 + -1)/(v/(-113)). Suppose 4*h - 23 - k = 0. What is the highest common factor of 17 and h?
17
Suppose 0 = -6*a + 2*a + 68. Let m = 15 + 53. Calculate the highest common divisor of m and a.
17
Let l be (-72)/(-33) + -2 + (-2236)/(-286). What is the highest common divisor of 232 and l?
8
Let g(x) = x**3 + 3*x**2 - 2*x - 2. Let n be g(-2). Let q be (-4)/n*27/6. Let m be 21*(q/(-9) - -3). What is the greatest common factor of 28 and m?
14
Let b(m) = -m**3 + 26*m**2 - 5*m - 10. Let l be b(5). What is the greatest common divisor of l and 10?
10
Suppose -k = 3*a - 11, -5*k + 5*a - 6 = -21. Let l be (k/15)/(1/36). What is the greatest common divisor of l and 60?
12
Let j be (-44)/(-3) + (-160)/(-120). Calculate the greatest common divisor of j and 400.
16
Let z be 20 - (-1 + -2 + 7 - 5). What is the highest common divisor of 609 and z?
21
Suppose 5 = l + 3. Suppose -4*k - b = l*b - 1185, 4*k - 1190 = -2*b. Suppose 0 = r + 4*r - k. What is the highest common factor of 24 and r?
12
Let l = 5 - -11. Suppose 2*m - 1 - 1 = 0. Let i be (-1)/((4/(-8))/(m + 1)). What is the highest common factor of i and l?
4
Let a = 396 - 378. Let p = 2 + 0. Calculate the greatest common divisor of p and a.
2
Let b be 9/18 + 6548/16*2. What is the greatest common divisor of b and 91?
91
Let q(z) = z**3 - 8*z - 5*z + 607*z**2 - 619*z**2 + 14. Let t be q(13). What is the greatest common factor of 21 and t?
7
Let y(a) be the third derivative of -a**5/30 - 25*a**4/24 + 2*a**3 - 8*a**2. Let f be y(-11). Calculate the highest common factor of 18 and f.
9
Suppose -2*p + 0*v + 72 = 4*v, -p + 30 = -4*v. What is the highest common factor of p and 2?
2
Let u(g) = -2*g**3 - 3*g**2 - 2*g + 3. Let f be u(-3). What is the highest common divisor of 24 and f?
12
Let w be ((-160)/6)/(-5) + (-3)/9. Suppose -8 - 8 = x + w*s, -3*x + 2*s = -37. Calculate the highest common divisor of x and 45.
9
Let p(u) = -u**3 + 8*u**2 - 5*u. Let a be p(7). Suppose -2*h = -282 + 58. Calculate the highest common factor of h and a.
14
Suppose -3*a + 11*a - 392 = 0. Let k = a - -154. What is the highest common divisor of 29 and k?
29
Let i(f) = -f**3 - 3*f**2 - f. Let b be i(-3). Suppose 2*d - d - 2*p - 48 = 0, -b*p = -3. Let h = -36 - -56. Calculate the greatest common divisor of d and h.
10
Let f be 11/(-33) - (3 - 5754/9). Calculate the greatest common factor of f and 53.
53
Let y be (-338)/12 - (-9)/54. Let a(o) = 2*o**2 + 5*o - 3. Let l be a(-6). Let h = y + l. What is the greatest common divisor of 55 and h?
11
Suppose -5*t - 4 + 109 = 0. Suppose -p = -2*p + b, 0 = -2*p - 3*b + 15. What is the greatest common divisor of p and t?
3
Let h be 6 + -1 + 2/(-2). Suppose -x + 11 = h. Let i(y) = y**2 - 4*y - 7. Let f be i(x). Calculate the highest common divisor of f and 2.
2
Suppose 0 = 4*g - 5*o - 1238, 0 = 3*g - 2*o + 349 - 1281. Calculate the greatest common divisor of 130 and g.
26
Suppose -79*o = -86*o + 441. Calculate the greatest common factor of o and 7.
7
Let q = 15 + 21. Suppose -2*n - 38 = 2*k + 20, -3*k + 53 = -2*n. Let a = q - n. What is the highest common divisor of a and 8?
8
Suppose 2*z + 4*g = -2, g = 5*z - z - 14. Suppose 3*d + 9 = -3*q, -3*q - z*d = -q + 2. Let p = 18 + q. What is the highest common divisor of 33 and p?
11
Let h be (-2)/3 - (-130)/(-3). Suppose -5*a - 74 = 56. Let